 9. What are the prime factors of p?
2
Let c(o) = 6*o**3 - 1. Let t(f) = -f**2. Let n(q) = -c(q) + 2*t(q). List the prime factors of n(-1).
5
Let v(u) = -u**2 + 46. List the prime factors of v(0).
2, 23
Let l be (9/(-6) - -2)*-2. Let a be (-2 - -5) + l + -2. Let s = a + 2. List the prime factors of s.
2
Suppose -2*t = 5*o - 1712, 4*t - 104 = o - 464. List the prime factors of o.
2, 43
Let y = -332 - -630. List the prime factors of y.
2, 149
Let z(c) = c**3 - 3*c**2 + 3*c. Let l be z(3). Let y be ((-12)/(-2))/(l/60). Suppose -2*w = 2*w - y. List the prime factors of w.
2, 5
Let r be 1/(4 - (-54)/(-14)). Suppose j + 3*j = 88. Suppose -2*y - 5*u = -3*y + r, -2*u = -2*y + j. What are the prime factors of y?
2, 3
Let f(q) = 12*q. Let y be f(1). List the prime factors of -3 - y/9*-9.
3
Let y be (-6)/8 - 693/(-28). Let k = y - 5. What are the prime factors of k?
19
Let y = -1 + -2. List the prime factors of 2/y - 53/(-3).
17
Let t(v) = -v**2 + 7*v + 8. Let a be t(8). Suppose -20 = -a*p + 5*p. Let q(i) = i**3 + 3*i**2 - 6*i - 5. List the prime factors of q(p).
3
Suppose o = -0*o + 8. What are the prime factors of o/20*(-1 + 36)?
2, 7
Let r = 32 - -11. List the prime factors of r.
43
Let d be 2 + (-1)/((-3)/9). Suppose -4*g + 4*j = -16, 5*g + d*j - 5 = 5. What are the prime factors of g?
3
Let r(i) = i**2 - 3*i - 4. Let n be r(4). Suppose n = -z - 5*x + 6 + 18, -2*x = -6. List the prime factors of z.
3
Suppose p + 1 = 3*z, p - 33 = -4*z - 4*p. Let d = z - -2. Suppose -d*q + 9*q = 40. List the prime factors of q.
2
Let z(p) = p - 1. Let d be z(6). Suppose 0 = 3*r - 0 - 15, -d*r = 5*g - 120. List the prime factors of g.
19
Let n be -1 - (0 + -2*3). Suppose -n*r + 8*r = 15. List the prime factors of r.
5
Let x(r) = -16*r + 3. List the prime factors of x(-2).
5, 7
Suppose -3*z = -0*z - 15. What are the prime factors of z?
5
Let r be 306/(-15) + (-2)/(-5). Let y = 1 - r. What are the prime factors of (y/12)/((-1)/(-4))?
7
Let i be (-88)/33*(-3)/2. Suppose -4*f - 64 = -4*p, -4*f - 12 = i. List the prime factors of p.
2, 3
Suppose -3*s + 3*x + 27 = 2*s, s + 2*x = 8. Let m be s*16/6 + 2. Let f = m - 3. What are the prime factors of f?
3, 5
Let d(k) = -9*k - 22. Let h(u) = -4*u - 11. Let b(y) = 2*d(y) - 5*h(y). List the prime factors of b(8).
3
Let v = -93 - -138. List the prime factors of v.
3, 5
Suppose -9 = -5*k + 1. Suppose 0 = k*c - 0*c + 48. What are the prime factors of ((-1)/(-2))/((-1)/c)?
2, 3
Let d = -33 - -63. List the prime factors of d.
2, 3, 5
Suppose 5*b + 2 = -3*r + 3, -5*b = 2*r - 4. Suppose 10 = 2*t + b. What are the prime factors of t?
2
Let a(w) = -w**2 + 12*w - 3. What are the prime factors of a(7)?
2
Let g(c) = c**2 - 4*c - 1. List the prime factors of g(-4).
31
Let y(g) = g**3 - g + 4. List the prime factors of y(0).
2
List the prime factors of 248 + 22/187 + (-19)/17.
13, 19
Let g(b) = b**3 - b**2 - 2*b - 2. List the prime factors of g(3).
2, 5
What are the prime factors of 1/(1 + 30/(-31))?
31
Suppose 4*j + 37 = 5*u - 187, 0 = -5*u - 5*j + 215. What are the prime factors of u?
2, 11
Suppose 4*g - 3 - 5 = 0. Suppose -2*i = 3 - 5. What are the prime factors of ((-15)/g)/(i/(-2))?
3, 5
Let m(h) = h**2 - h + 3. Suppose -2*p = 2*q - 12, -p - 3*q = -8*q + 12. List the prime factors of m(p).
3
Suppose 4*q - 6*q = 3*x - 9, -4*q = 3*x - 21. Let i(y) = -1 - q*y + 5 - 3. List the prime factors of i(-1).
7
Suppose -y = y + 4, 5*x = 3*y + 211. Suppose 0 = -5*f + 34 + x. Suppose -f = -t - 3. List the prime factors of t.
2, 3
Suppose 0 = -4*n - 5*b + 245, 3*n + 63 = 4*n + 3*b. List the prime factors of n.
2, 3, 5
Suppose -3*a + 90 = -0*a. Let j = -14 + a. What are the prime factors of j?
2
List the prime factors of (-2)/4*114/(-3).
19
Let d(s) = -2*s**3 - 2*s**2 - 2*s + 4. Let n be d(-3). Suppose 3*o + 2*w - 7*w = 75, 2*w = 2*o - n. List the prime factors of o.
2, 5
Let m(b) = -56*b + 1. List the prime factors of m(-1).
3, 19
Let y be ((-28)/(-16))/((-2)/(-48)). Suppose -4*j + y = t - 34, -3*j - 2*t + 57 = 0. What are the prime factors of j?
19
Let i(p) = 10*p**3 + 8*p**2 - 7*p + 18. Let a(v) = 3*v**3 + 3*v**2 - 2*v + 6. Let z(u) = 7*a(u) - 2*i(u). List the prime factors of z(-5).
2, 3
Suppose -2*v - 3*i - 112 = -3*v, -4*v - 5*i + 465 = 0. What are the prime factors of v?
5, 23
Let z be (0 + 1 + -3)*-2. Let y be z*(-1 + (-3)/(-2)). Let j = y - -5. What are the prime factors of j?
7
Let g = 142 - -15. List the prime factors of g.
157
Let q(o) = o**3 + 15*o**2 + 22*o - 13. Let m be q(-13). Let g = -31 + 11. Let a = m + g. What are the prime factors of a?
19
Let o(u) = -u**3 - 18*u**2 - 7*u + 33. What are the prime factors of o(-18)?
3, 53
Suppose -13 = -5*z - 2*m, 0 = 2*z - 5*z - 2*m + 7. What are the prime factors of z?
3
Let z(l) be the first derivative of -47*l**4/4 + l**3/3 - l**2/2 - l + 3. List the prime factors of z(-1).
2, 3
Let s(o) = 4*o**3 + o**2 + o - 1. Let t be s(1). Suppose 4*x = -2*n + 84, -4*x - x = t*n - 95. List the prime factors of x.
23
Let w = 7 + 3. Let g = w + -8. What are the prime factors of g?
2
Let d be (-1)/(22/(-10) + 2). Suppose 2*z + s + 46 = 6*z, d*s + 10 = 0. List the prime factors of z.
11
Suppose -y - 2*y - 135 = 0. Let v = 64 + y. What are the prime factors of v?
19
Suppose -64 = -3*x - 5*i + 8, -4*i = 5*x - 120. Let a(h) = h**2 - 10*h + 4. Let s be a(7). Let b = s + x. What are the prime factors of b?
7
List the prime factors of 1 - (1 + -1 - 3).
2
Suppose -16 = w + 2*n - 6*n, -3*w + n = -7. Suppose -25 = -d - w*d. List the prime factors of d.
5
Let g(b) = -3*b - 2. Let o(i) = -i**3 - 3*i**2 - i. Let l be o(-3). Suppose 13 = -l*h + 1. What are the prime factors of g(h)?
2, 5
Suppose -3*q = -5*q + 8. Suppose q*i + 10 - 42 = 0. What are the prime factors of i?
2
Let v(t) = -23*t + 11. List the prime factors of v(-9).
2, 109
Suppose -5*k = -2*i + 7, 0*k - 26 = -4*i - 2*k. List the prime factors of i.
2, 3
Let r = 228 - 114. What are the prime factors of r?
2, 3, 19
Suppose -28*i - 792 = -30*i. What are the prime factors of i?
2, 3, 11
Let b = -6 + 10. Suppose 0 = -2*q + 4*m + b, -14 = 4*q + m - 58. What are the prime factors of q?
2, 5
Let g(f) = -4*f. Let h be g(-1). Let u = -27 + 47. Suppose a - 4*m - u = 0, h*a - m = 3*a + 8. List the prime factors of a.
2
Let h be 2/9 - (-488)/72. Suppose 2*c + 44 = 3*s, h*s - 40 = 2*s - 5*c. List the prime factors of s.
2, 3
Let h(o) be the third derivative of -o**6/120 + 7*o**3/3 - 4*o**2. What are the prime factors of h(0)?
2, 7
Let q = -22 - -69. What are the prime factors of q?
47
Let v(k) = -k**3 + 9*k**2 + 10*k + 11. Let q(r) = -10*r**2. Let f be q(-1). Let l = f - -20. What are the prime factors of v(l)?
11
Suppose -4*w = -0*w. Suppose -5*h + 5 = 10, q + 5*h + 2 = w. Suppose -a - 4*x + 6 = 0, -3*x - x + 10 = q*a. What are the prime factors of a?
2
Let s be -2 + (0 - -2 - 0). Suppose 4*f = 2*f + 2*x, -2*x + 4 = s. Suppose -k + 6 = n, -5*k + 0*n - f*n = -18. List the prime factors of k.
2
Let t(u) = u**3 + 8*u**2 - 12*u - 7. Suppose -x + v - 4 = 2*v, -v = 4*x + 31. List the prime factors of t(x).
2, 5
Let q be 4 - (18/1 - 4). What are the prime factors of (-596)/q + 26/65?
2, 3, 5
Let d be (-28)/(-6)*6/4. Suppose -4*h = -d*h. Suppose 5*i - 44 = -4*m, h*i - 3*i - 5*m = -16. List the prime factors of i.
2, 3
Let m = 6 + -7. What are the prime factors of (-52)/(-12)*(-3)/m?
13
Suppose 4*u + 2 = 5*s + 23, -2*s = -5*u + 5. List the prime factors of (s - -2)/(2/(-18)).
3
Let x(v) = 5*v**3 - 2*v**2 + 1. Let d be x(-1). Let i be (d/12)/(2/(-4)). List the prime factors of 7 + -1 + (i - 1).
2, 3
Let k be (1/(-3))/((-1)/3). Suppose 0 = 4*v + 5 - k. What are the prime factors of (0 - v)*(0 - -2)?
2
Let w(b) = 3*b + 8*b**2 + 52*b**3 - 2*b - 8 - 51*b**3. What are the prime factors of w(-7)?
2, 17
Suppose 0 = h + k + k - 17, -3*h = 2*k - 59. List the prime factors of h.
3, 7
Let l be 1 - 20 - (-3 - -4). Let p = l - -10. Let x = p + 18. List the prime factors of x.
2
Suppose -3*w + 8*w + 2*j - 1072 = 0, 4*w + j = 860. What are the prime factors of w?
2, 3
Suppose 10*p - 116 = 664. List the prime factors of p.
2, 3, 13
Let j(g) = g - 12*g + 0*g. Let w be j(-1). What are the prime factors of -1 + 0/(-1) + w?
2, 5
Suppose 0 = 6*k - 5*k + 11. Let q = k + 13. List the prime factors of q.
2
